Let c(q) = -q**2 - 6740*q + 1624674. Calculate c(233).
-35
Let u(n) = -1148*n + 346. Calculate u(1).
-802
Let s(n) = 903*n**2 - 303380*n - 9399. Give s(336).
9
Let p(h) = -17*h**2 + 1222*h + 3948. What is p(75)?
-27
Let f(x) = 87*x**3 - 201*x**2 - 616*x + 5. Determine f(-3).
-2305
Let d(m) = m**3 - 75*m**2 + 1216*m + 10269. Give d(-6).
57
Let q(k) = -421*k**2 + 927*k - 208. Calculate q(2).
-38
Let d(s) = 160*s**2 + 41*s - 68. What is d(1)?
133
Let h(s) = -s**2 - 91*s + 10748. What is h(77)?
-2188
Let f(x) = -3*x**3 - 3860*x**2 + 1307*x + 25742. Give f(-1287).
2
Let i(o) = -o**3 + 85*o**2 - 3450*o + 282741. Give i(84).
-3
Let w(t) = -12*t**3 + 19*t**2 + 10*t - 9. Give w(6).
-1857
Let j(y) = y**3 - 166*y**2 - 378*y + 7048. Determine j(168).
-8
Let v(s) = -1996*s - 16203. Give v(-8).
-235
Let z(k) = k**2 - 1007*k + 30421. What is z(30)?
1111
Let c(s) = 43*s - 34472. What is c(802)?
14
Let i(f) = 20025*f + 280338. What is i(-14)?
-12
Let v(g) = -g**2 + 602*g - 22477. Calculate v(562).
3
Let p(y) = -18*y**2 + 5267*y - 118761. Calculate p(268).
-37
Let b(h) = -858*h - 31192. Determine b(-37).
554
Let b(z) = z**3 - 256*z**2 - 1586*z + 3745. What is b(262)?
77
Let b(p) = -26*p**2 - 394*p - 2345. Determine b(-7).
-861
Let h(u) = 2*u**2 + 219*u - 6774. Give h(-135).
111
Let h(u) = -109*u**3 - 230*u**2 + 10*u - 7. Give h(1).
-336
Let g(s) = -7992*s + 711291. What is g(89)?
3
Let p(t) = -40*t**2 - 7559*t - 188. Give p(-189).
-377
Let o(v) = -v**2 + 5377*v - 3185933. Determine o(678).
-11
Let g(z) = 5*z + 668. Give g(-110).
118
Let j(d) = d**3 + 623*d**2 - 2*d + 13. What is j(0)?
13
Let a(b) = 68*b**2 - 4291*b - 38696. What is a(-8)?
-16
Let q(d) = -5*d**2 - 62398*d + 62398. Determine q(1).
-5
Let g(y) = 24*y**3 + 430*y**2 + 10*y + 823. Calculate g(-18).
-5
Let d(k) = 6*k**3 - 17*k**2 - 22*k - 7. Give d(-3).
-256
Let s(b) = 96*b**2 - 62504*b + 125004. Give s(2).
380
Let k(d) = d**2 + 1174*d - 46041. Determine k(38).
15
Let i(q) = -q**3 - 48*q**2 + 110*q - 2179. What is i(-51)?
14
Let y(o) = 3*o**2 + 8752*o - 70188. What is y(8)?
20
Let l(t) = -119*t**2 + 909*t - 20. Calculate l(8).
-364
Let g(v) = -13*v**3 + 24*v**2 - 19*v + 46. Determine g(2).
0
Let w(l) = -19732*l + 39665. Determine w(2).
201
Let d(p) = 225*p**2 - 2112*p + 775. What is d(9)?
-8
Let g(t) = 1792*t**2 + 2259*t + 2259. Give g(-1).
1792
Let w(z) = -z**3 + 95*z**2 + 550*z - 43556. What is w(96)?
28
Let v(p) = -110*p - 6075. Give v(-55).
-25
Let z(x) = -2*x**2 - 216*x + 12572. What is z(42)?
-28
Let k(w) = 56*w**2 - 3153*w - 25185. Determine k(-8).
3623
Let h(t) = t**2 + 102*t + 1778. Give h(-81).
77
Let a(z) = 30728*z - 4. Determine a(0).
-4
Let m(z) = 12*z**3 - 97*z**2 - 7301*z + 637. Give m(29).
-1
Let q(k) = -945*k + 35486. Determine q(35).
2411
Let l(i) = 2*i**3 + 451*i**2 - 4724*i + 127. Give l(10).
-13
Let h(n) = 17*n**2 + 1216*n - 1768. Give h(-73).
57
Let r(b) = b**2 + 719*b + 53120. Calculate r(-84).
-220
Let a(y) = -416*y - 191. What is a(3)?
-1439
Let y(z) = -547*z - 23582. Give y(-44).
486
Let j(k) = -330*k**2 + 334*k - 4. Calculate j(1).
0
Let q(j) = -j**2 + 18145*j - 1139177. Calculate q(63).
-11
Let c(w) = 402*w**2 + 120*w - 9. What is c(0)?
-9
Let n(s) = -s**2 + 720*s - 65592. Determine n(613).
-1
Let h(n) = 674*n**2 + 142884*n - 849. Give h(-212).
-1
Let n(f) = 1167*f - 21822. Give n(18).
-816
Let z(b) = 4*b**3 - 117*b**2 - 97*b + 2167. Determine z(30).
1957
Let o(d) = -510*d - 91352. What is o(-179)?
-62
Let f(y) = -2*y**3 - 97*y**2 + 154*y + 165. Determine f(-50).
-35
Let l(o) = -329*o + 33598. Determine l(102).
40
Let b(h) = 137*h - 66. Calculate b(0).
-66
Let d(k) = -189*k**3 + 609*k - 609. Determine d(1).
-189
Let o(a) = 3657*a + 464837. Give o(-127).
398
Let g(x) = 30*x**2 - 5358*x - 50658. Determine g(-9).
-6
Let c(r) = -r**3 - 22*r**2 + 303*r + 6288. Give c(-24).
168
Let t(w) = 5397*w**2 + 21602*w + 44. What is t(-4)?
-12
Let w(x) = -21*x + 448. What is w(12)?
196
Let x(c) = -c**3 + 113*c**2 - 751*c + 1330. Give x(106).
376
Let q(z) = -281214*z - 4780762. Determine q(-17).
-124
Let m(q) = -q**3 - 21*q**2 - 89*q - 785. Give m(-19).
184
Let y(q) = 15*q**3 + 121*q**2 + 20*q + 79. Calculate y(-8).
-17
Let x(j) = 3*j**2 + 154*j + 556. Determine x(-73).
5301
Let x(q) = -47*q**2 - 269*q - 1846. Determine x(-7).
-2266
Let j(f) = -2*f**3 + 56*f**2 - 403*f + 31. Give j(14).
-123
Let m(d) = 837*d - 7508. Give m(9).
25
Let s(y) = -y**3 + 48*y**2 - 572*y + 107. Determine s(21).
2
Let m(u) = -184*u**2 + 96*u + 291. Determine m(-3).
-1653
Let m(d) = 3*d**3 + 6995*d**2 + 5025*d + 846151. What is m(-2331)?
-2
Let s(h) = h**2 + 122*h + 4644. Calculate s(-73).
1067
Let j(q) = 1602*q**2 + 20602*q + 4. Determine j(-13).
2916
Let k(z) = -136*z - 3439. Determine k(-34).
1185
Let d(x) = 298*x - 1752. Give d(13).
2122
Let f(a) = a**2 + 11302*a - 203432. Give f(18).
328
Let p(d) = 2*d**2 - 251*d + 7612. Determine p(74).
-10
Let y(d) = -d**2 + 150398*d + 5716507. Calculate y(-38).
-61
Let c(r) = -166*r - 638. Determine c(-47).
7164
Let p(q) = -2*q**2 - 567*q - 14535. What is p(-255)?
0
Let u(q) = q**3 - 12*q**2 + 716*q - 2805. Calculate u(4).
-69
Let q(s) = -6155*s + 110762. Give q(18).
-28
Let m(g) = 67717*g - 609461. Give m(9).
-8
Let b(g) = g**3 + 37*g**2 + 327*g - 342. Determine b(-22).
-276
Let w(g) = 21*g**2 - 4086*g - 24452. What is w(-6)?
820
Let p(t) = -2*t**3 - 64*t**2 + 214*t - 178. Determine p(-35).
-318
Let u(i) = -170278*i - 1532511. Give u(-9).
-9
Let y(n) = -25*n**3 - 33648*n**2 + 2695*n + 4056. Give y(-1346).
18
Let f(d) = -59891*d + 31562548. Calculate f(527).
-9
Let v(t) = -38*t**3 - 3872*t**2 + 408*t + 5. Determine v(-102).
5
Let w(o) = -19506*o - 1755550. Determine w(-90).
-10
Let f(r) = -3096*r - 21287. Determine f(-7).
385
Let m(z) = 5*z**2 + 406*z + 3200. Give m(-8).
272
Let z(n) = 20*n**2 - 722*n + 82. Give z(36).
10
Let y(t) = 393*t - 2483. Determine y(5).
-518
Let r(i) = -9*i**2 - 2460*i - 126111. Give r(-205).
-36
Let f(d) = d**2 + 1147*d - 244926. Calculate f(184).
-22
Let s(u) = -u**2 + 8*u + 1554. Calculate s(-41).
-455
Let r(t) = 8601*t - 68852. What is r(8)?
-44
Let j(z) = -5*z**2 + 2206*z + 103573. Calculate j(484).
-3
Let l(s) = 2981*s + 781035. Calculate l(-262).
13
Let j(p) = 47691*p - 381468. Give j(8).
60
Let u(a) = 5*a**2 + 550*a - 2186. Calculate u(4).
94
Let w(r) = 15556*r - 280002. Calculate w(18).
6
Let y(t) = t**3 + 17*t**2 + 260*t + 3957. Calculate y(-13).
1253
Let v(w) = 4*w**2 - 483*w - 2993. What is v(-6)?
49
Let b(g) = -22*g**2 + 19024*g - 32838. Determine b(863).
-44
Let f(c) = -2*c**3 + 49*c**2 + 6100*c - 141897. Give f(23).
-10
Let l(d) = -2*d**2 - 60389*d + 3024450. Determine l(50).
0
Let h(t) = 496*t**2 - 2973*t - 45. What is h(6)?
-27
Let o(x) = 4595*x - 1585322. What is o(345)?
-47
Let g(l) = -4562*l + 415146. Calculate g(91).
4
Let q(n) = 1017*n + 87374. Give q(-85).
929
Let h(q) = 5269*q + 5985. Calculate h(-1).
716
Let p(b) = 4*b**2 + 311*b + 3420. Calculate p(-16).
-532
Let k(l) = l**3 + 93*l**2 - 3679*l - 40. Determine k(30).
290
Let x(a) = -a**2 - 6065*a + 262687. Determine x(43).
43
Let t(h) = 1075*h - 15324. What is t(14)?
-274
Let c(j) = 1758*j + 20387. Give c(-11).
1049
Let l(r) = -1890*r - 6393. What is l(-4)?
1167
Let m(t) = t**3 + 1516*t**2 + 19542*t - 17. Calculate m(-13).
-56
Let n(v) = 120*v - 1185. Give n(2).
-945
Let f(z) = -4957*z + 34887. What is f(7)?
188
Let g(d) = -803*d + 85140. Determine g(106).
22
Let c(j) = 224*j + 5769. Give c(-31).
-1175
Let k(o) = 15*o**2 + 4753*o + 33311. What is k(-7)?
775
Let f(q) = -10189*q - 51099. Calculate f(-5).
-154
Let t(i) = 8*i**2 + 3920*i + 11749. Determine t(-3).
61
Let c(q) = 197*q**2 - 3591*q - 172. Determine c(18).
-982
Let c(s) = -58*s**2 - 988*s - 37. What is c(-17)?
-3
Let i(z) = 2*z**3 - 79*z**2 + 724*z + 675. Determine i(17).
-22
Let h(t) = 853*t**3 - 1698*t**2 + 12*t - 23. What is h(2)?
33
Let x(j) = 20*j**2 - 405*j - 404. Give x(0).
-404
Let y(f) = -f**2 + 5205*f + 2015284. Determine y(-362).
30
Let b(g) = 169*g**3 + 6760*g**2 - 8*g - 303. Calculate b(-40).
17
Let b(n) = -287*n + 6284. Calculate b(24).
-604
Let o(m) = 648*m - 8549. Determine o(12).
-773
Let u(t) = t**3 + 29*t**2 - 99*t - 77. Determine u(4).
55
Let v(a) = -4*a**2 + 204*a - 1855. Give v(37).
217
Let 